at is -3 + -18815?
-18818
In base 12, what is 30550 + -1?
3054b
In base 6, what is 150251 - -3?
150254
In base 6, what is 2 - 224014?
-224012
In base 16, what is -4a - 1b?
-65
In base 5, what is 33340110 + -20?
33340040
In base 3, what is -1 + 211102020?
211102012
In base 8, what is -13223 + -1077?
-14322
In base 2, what is 10 - -1010001000100110?
1010001000101000
In base 6, what is -10550442 + 2?
-10550440
In base 3, what is -20200001212 - -12?
-20200001200
In base 14, what is -5 - cd87?
-cd8c
In base 3, what is -1200 - -102202?
101002
In base 2, what is -110100110 + -11?
-110101001
In base 4, what is 213302131 + 11?
213302202
In base 14, what is -33 + -71c?
-751
In base 16, what is -4 - 125b5?
-125b9
In base 9, what is 15 - -55568?
55584
In base 4, what is -10011 + 12121?
2110
In base 14, what is 1ba06 - 2?
1ba04
In base 10, what is 92393 - 5?
92388
In base 8, what is 3 + 1053456?
1053461
In base 2, what is -111111001011010 + -1010000?
-111111010101010
In base 12, what is -4 - 60b47?
-60b4b
In base 15, what is -86 - 37?
-bd
In base 8, what is -1260 - 501?
-1761
In base 5, what is 33 - 11420134?
-11420101
In base 15, what is 2c - b052?
-b025
In base 11, what is 0 - -72336?
72336
In base 4, what is -301 + 11032?
10131
In base 12, what is 4 - -1181b?
11823
In base 7, what is -34266 + -23?
-34322
In base 16, what is a2b6 - 4?
a2b2
In base 6, what is 13511 - 52?
13415
In base 12, what is -62740 + -21?
-62761
In base 12, what is 32 + -2630?
-25ba
In base 11, what is 18a1940 - 1?
18a193a
In base 7, what is 102 + 551?
653
In base 12, what is 5a92b3 - -3?
5a92b6
In base 10, what is 52 + 973?
1025
In base 9, what is -4 + -45878?
-45883
In base 9, what is -4 - -18726?
18722
In base 9, what is -1275125 + 1?
-1275124
In base 10, what is 1667 - -51?
1718
In base 11, what is -571800 - 4?
-571804
In base 8, what is 67103 - 2?
67101
In base 7, what is 12 - -34114?
34126
In base 12, what is -1 + -43a30?
-43a31
In base 6, what is 432 - 2202?
-1330
In base 8, what is -2127 - 51?
-2200
In base 2, what is 1100 - 100011010110010?
-100011010100110
In base 12, what is -127a4 + -8?
-127b0
In base 4, what is -3223 + 132?
-3031
In base 10, what is -17111 - 3?
-17114
In base 12, what is 149616 - 3?
149613
In base 11, what is 2797 + -1a?
2778
In base 2, what is -10 - -100010111000?
100010110110
In base 8, what is -17 - 160026?
-160045
In base 8, what is -33427 - 20?
-33447
In base 12, what is 22 - -330?
352
In base 16, what is 1d + -41e?
-401
In base 5, what is -2 + -312241?
-312243
In base 13, what is -3487 + -39?
-34c3
In base 7, what is -205223 + -53?
-205306
In base 16, what is 5 - 968f?
-968a
In base 10, what is -4 - 13397?
-13401
In base 6, what is 124403 + 251?
125054
In base 5, what is -1010400 - -1121?
-1004224
In base 11, what is 23735 + 3?
23738
In base 10, what is 4 - -51613?
51617
In base 2, what is -101010111011100 + 1?
-101010111011011
In base 5, what is -142320 + -32?
-142402
In base 11, what is 2 + -27820?
-27819
In base 7, what is -3 + 65051?
65045
In base 10, what is -3 - -72753?
72750
In base 6, what is -311 - 2434?
-3145
In base 12, what is -2 + 435?
433
In base 6, what is -4 + 451051?
451043
In base 14, what is 1c7 + -75?
152
In base 14, what is 236d31 - -2?
236d33
In base 15, what is 1 + -12a944?
-12a943
In base 9, what is 2726033 + 2?
2726035
In base 8, what is -31210 - 2?
-31212
In base 12, what is 0 + 26b14?
26b14
In base 16, what is 1 + 137?
138
In base 6, what is 4 - -5145002?
5145010
In base 4, what is 131013113032 - 2?
131013113030
In base 8, what is -576 - -151?
-425
In base 16, what is f - -17f5?
1804
In base 4, what is 10222 - -31323?
102211
In base 11, what is 894 + 718?
1501
In base 12, what is -160 - -86?
-96
In base 9, what is -425453 - 5?
-425458
In base 14, what is 3 - 18a78?
-18a75
In base 11, what is -19 + -5557?
-5575
In base 5, what is -4 - -142100?
142041
In base 9, what is 136 + -15322?
-15175
In base 11, what is 28814 - -1?
28815
In base 13, what is -946 + 0?
-946
In base 9, what is 0 - 563818?
-563818
In base 2, what is 1000110001100 - -1110?
1000110011010
In base 10, what is 101230 + 8?
101238
In base 10, what is -5 - -17603?
17598
In base 9, what is 11043 + -4?
11038
In base 11, what is -1 + -159856?
-159857
In base 10, what is -68732 - -11?
-68721
In base 8, what is 72506 + -1?
72505
In base 13, what is -98 + 201?
136
In base 2, what is 1000101 - 110010011011?
-110001010110
In base 2, what is -101 + 1110010100?
1110001111
In base 6, what is 15330 - -313?
20043
In base 13, what is -271 - 274b?
-29bc
In base 12, what is -17 + -10221?
-10238
In base 15, what is 3 + ad13?
ad16
In base 16, what is -5f5 + 19d?
-458
In base 7, what is -2233 - -354?
-1546
In base 13, what is 506 - a?
4c9
In base 4, what is -200 + 31120?
30320
In base 2, what is -100 + -11110001011?
-11110001111
In base 4, what is -32 - -1030123?
1030031
In base 11, what is 1551 + -3?
1549
In base 16, what is 0 + a73b8?
a73b8
In base 8, what is 0 + -16754?
-16754
In base 16, what is 2 - e56?
-e54
In base 6, what is 15 + -2410?
-2351
In base 4, what is 10 - -13200010?
13200020
In base 11, what is 19 - 3291a?
-32901
In base 6, what is -110102 - -4?
-110054
In base 4, what is -20301121 + -11?
-20301132
In base 14, what is -13 - -2810?
27db
In base 5, what is -2 - 100303?
-100310
In base 11, what is 1 - 227584?
-227583
In base 12, what is 241b + 2?
2421
In base 16, what is -3812 - -2b?
-37e7
In base 9, what is -6 + -225?
-232
In base 15, what is 4 + 122e6?
122ea
In base 6, what is -12 + -21235?
-21251
In base 15, what is -a89 - 8?
-a92
In base 15, what is 4 - 22ec1?
-22ebc
In base 7, what is 12 + 26411?
26423
In base 6, what is 121 + 14201?
14322
In base 11, what is -16 + -8845a?
-88475
In base 5, what is -24122323 + -31?
-24122404
In base 14, what is -1 - -184d6?
184d5
In base 10, what is 4 - 2666?
-2662
In base 16, what is de1 - -29d?
107e
In base 9, what is -101376 - -15?
-101361
In base 13, what is -757 + -1?
-758
In base 14, what is 3 + 499b0?
499b3
In base 15, what is -dc61 - -1d?
-dc43
In base 9, what is 136 - 477?
-341
In base 2, what is -100100110010001001000 + 101?
-100100110010001000011
In base 6, what is 1405 + 233?
2042
In base 7, what is 1506 + 124?
1633
In base 2, what is -1100001110101 - -110?
-1100001101111
In base 16, what is 513 - 2f?
4e4
In base 15, what is 98 - 74c?
-6a4
In base 2, what is -101110001100110 - 10000000?
-101110011100110
In base 14, what is -9 + 41a06?
419db
In base 5, what is -10 - 212322?
-212332
In base 14, what is b25c8 - 0?
b25c8
In base 2, what is -101 - 11110011011110?
-11110011100011
In base 2, what is 1 - 101110110001111001110?
-101110110001111001101
In base 15, what is -2 - 175abd?
-175ac0
In base 8, what is -117 - -72?
-25
In base 2, what is -11010 + -100111001010?
-100111100100
In base 4, what is -123320002 - 0?
-123320002
In base 3, what is 12112111 - 21?
12112020
In base 5, what is 30204 + 341?
31100
In base 8, what is 4 + 63375?
63401
In base 4, what is 0 - 1131210101?
-1131210101
In base 6, what is -3245250 + -2?
-3245252
In base 7, what is -1 - -11623042?
11623041
In base 8, what is -312145 + -3?
-312150
In base 12, what is 10 + 1a5?
1b5
In base 7, what is 64 + 32251?
32345
In base 7, what is -4 + -1212156?
-1212163
In base 12, what is -a639a - 1?
-a639b
In base 4, what is 3111231 + 302?
3112133
In base 11, what is -44a54 + -4?
-44a58
In base 5, what is 3004 + -4244?
-1240
In base 4, what is 321332021012 + 1?
321332021013
In base 6, what is -131 - 1002?
-1133
In base 10, what is 67058 + -3?
67055
In base 13, what is 3 - 5859c?
-58599
In base 5, what is 10 + 10123043?
10123103
In base 6, what is 133150133 - 2?
133150131
In base 4, what is -121031 + -1031?
-122122
In base 6, what is -3100 - 1255?
-4355
In base 11, what is 59414 + 1?
59415
In base 5, what is 3143333 + -3?
3143330
In base 8, what is -32641 + 10?
-32631
In base 6, what is 4 - 2211304?
-2211300
In base 4, what is -302102113 - -22?
-302102031
In base 5, what is -10 - 10403244?
-10403304
In base 9, what is 13 - 75642?
-75628
In base 15, what is 33 + -4d2a?
-4ce7
In base 15, what is -155 + 77?
-cd
In base 10, what is 331 - 866?
-535
In base 12, what is 111 + -6?
107
In base 13, what is -2 - -12acaa?
12aca8
In base 10, what is -3 + -166257?
-166260
In bas